7 = 0, f*x + 8*y = 13*y + 259. Calculate the remainder when 1401 is divided by x.
75
Let o = 11931 + -11929. Calculate the remainder when 746 is divided by o.
0
Let w(o) = 0 + 1 - 3 + 14*o. Let g(u) = -u**3 - 5*u**2 - 114*u - 321. Let s be g(-3). Calculate the remainder when 117 is divided by w(s).
37
Suppose -7*o + 3*o = -3*k + 61, -4*k + 2*o = -68. Suppose -10*g = -k*g + 35. Suppose g*p + 17 - 220 = 0. What is the remainder when p is divided by 6?
5
Suppose 0 = -29*k + 30*k - 1. Let d = 34 - k. Let i = -4 + d. What is the remainder when 56 is divided by i?
27
Suppose 101*a + 23*a - 24428 = 0. Calculate the remainder when 517 is divided by a.
123
Let f = 13 + -4. Suppose 220 = 9*z + 76. Let l = z + -12. What is the remainder when f is divided by l?
1
Suppose 0 = -4*u - 2*k + 878, -12*u = -11*u - 5*k - 225. What is the remainder when 407 is divided by u?
187
Suppose -i - o + 2 = 0, 5*i - 4*o - 28 = -3*o. Suppose -3*q = i*d - 596 + 197, -3*d = -5*q + 631. What is the remainder when q is divided by 62?
4
Let x(z) = 31*z + 97. Let k be x(-3). Suppose -3*a + 9 = 2*h, -2 = -3*h - k*a + 14. Calculate the remainder when 57 is divided by h.
9
Suppose -h + 1058 = -2*w, 147*h - 145*h = -2*w + 2080. What is the remainder when h is divided by 13?
6
Suppose -379*b + 84735 = -316*b. What is the remainder when b is divided by 278?
233
Suppose -y - 6 = -c - 0*c, -5*c + 4*y + 25 = 0. What is the remainder when ((-1)/3)/(2/(-42)) is divided by 40/100 + (c - 4/10)?
0
Suppose 0 = l - 2, -3*h = h + 3*l - 42. Suppose 0 = 18*s - 4105 - 2159. Let v = -332 + s. Calculate the remainder when v is divided by h.
7
Let z(y) = y**2 + 94*y - 1140. Calculate the remainder when z(-175) is divided by 221.
217
Suppose 167 = 59*r - 1190. Let z(d) = -d**2 + 22*d - 25. What is the remainder when z(8) is divided by r?
18
Let h(s) = 3*s**3 - 14*s**2 + 10*s. Calculate the remainder when 585 is divided by h(6).
177
Let z = -4489 + 5657. Calculate the remainder when z is divided by 84.
76
Let a(u) = 4*u**2 - 4*u + 7. Let h be a(4). Let t = h + -33. Suppose 4*b + 0*b - 520 = 0. Calculate the remainder when b is divided by t.
20
Let c(p) = -28*p - 20. Let i = 889 - 812. What is the remainder when c(-6) is divided by i?
71
Let d(c) = 1155*c**2 + 9*c + 8. Calculate the remainder when d(-1) is divided by 13.
10
Let i(d) = 33*d - 132. Let u be i(5). What is the remainder when 18 is divided by (-6)/u - 276/(-66)?
2
What is the remainder when 19 is divided by 1 - (5 + -15)/1?
8
What is the remainder when 93 is divided by (-453)/1057 - (554/(-35) - 8/(-20))?
3
Suppose 6*a - 714 = 696. What is the remainder when a is divided by 7 + -5 + (-154)/4*-2?
77
Let z be 33 + 3/(-7) + (-54)/21. Suppose -114 = -x - z. Suppose 150 + x = 6*d. What is the remainder when d is divided by 21?
18
Let n = -665 + 399. Let d = n - -271. Calculate the remainder when ((-2)/(-3))/(1/51) is divided by d.
4
Suppose -1255 = 856*s - 877*s + 173. What is the remainder when 334 is divided by s?
62
Let c = 16306 - 16271. What is the remainder when 164 is divided by c?
24
Let q(t) = t**3 + 6*t**2 + 23*t + 227. Calculate the remainder when 28 is divided by q(-7).
11
Let f = 2055 + -1865. What is the remainder when 949 is divided by f?
189
Suppose x - 17*x + 144 = 0. Suppose -288 = k - x*k. What is the remainder when k is divided by 9?
0
Suppose -20*n - 3*m = -15*n + 11, -n - 9 = 4*m. Calculate the remainder when (426/5)/(n*(-3)/15) is divided by 139.
9
Suppose 60*l + 278 = 938. Let k(a) be the third derivative of -a**6/120 + 11*a**5/60 + 8*a**3/3 - a**2. Calculate the remainder when 31 is divided by k(l).
15
Let l = -3086 - -3151. Calculate the remainder when l is divided by 26.
13
Suppose 0 = 3*b - b. Suppose -246*r + 230*r + 80 = 0. Suppose b = 10*n + r*n - 270. What is the remainder when 34 is divided by n?
16
Suppose -17 + 29 = o + 3*n, -27 = -4*o - 5*n. Suppose q + 4 = 0, 97*h - 101*h = -o*q - 76. What is the remainder when h is divided by 10?
6
Let v be (-11)/(66/(-558)) + -2. Suppose v*u + 162 = 100*u. Calculate the remainder when u is divided by 4.
2
Suppose 39*y - 28 = 37*y. Calculate the remainder when (0 + -176)*(y - 7)/(-7) is divided by 20.
16
Let x(a) = -a**3 + 44*a**2 + 91*a + 81. Suppose -3*y + 169 = 4*u, 0 = 5*u + 7*y - 6*y - 225. What is the remainder when 592 is divided by x(u)?
32
Suppose -142 = -8*s - 46. Let b be s/9*(-10 + 13). Suppose 0 = l + n - 76, -3*l - 8*n + 229 = -b*n. What is the remainder when l is divided by 13?
10
Suppose 4*y + 294 = 6*y + j, 5*y - 705 = 5*j. What is the remainder when y is divided by 81?
64
Suppose 4*r = -3*i + 233, 237 = 3*i + 252*r - 249*r. What is the remainder when 216 is divided by i?
50
Let q = 157 - 73. Calculate the remainder when q is divided by (-8295)/(-420) + (-81)/(-36).
18
Let g(p) = -101*p + 3. Let f be g(-1). Let w = 101 - f. What is the remainder when (212/6)/((-2)/w) is divided by 11?
9
Let i(c) = 375*c - 7093. Calculate the remainder when 490 is divided by i(19).
10
Let i = -28036 - -28040. What is the remainder when 1413 is divided by i?
1
Let g(c) = c**2 + 8*c + 7. Let b be g(-7). Suppose b = -12*z + 21*z - 99. What is the remainder when 38 is divided by z?
5
Let t(s) = -15*s + 136. Let w(l) = -l**2 + 28*l - 44. Let y be w(26). What is the remainder when 94 is divided by t(y)?
14
Let u(i) = -3*i**2 - 2*i. Let n be u(10). Let k = -229 - n. Calculate the remainder when k is divided by (-5 + 24)*(-1 + 2).
15
Suppose 3*o - 3*v = 18, o + 3*o - 22 = 5*v. Suppose -o*c + 191 = -185. Calculate the remainder when c is divided by ((-7)/2)/((-13)/26).
5
Let i = 88 - 50. Suppose -4*y - 144 = 120. Let w = 76 + y. What is the remainder when i is divided by w?
8
Let l = -538 - -430. Let w(u) = -u + 7. Calculate the remainder when (-4)/(-18) + 348/l + 8 is divided by w(5).
1
Suppose 26*s + 23*s = 27*s + 1936. What is the remainder when 318 is divided by s?
54
Suppose -3*d + 3*r + 4458 = 0, 4*r + 22964 + 5195 = 19*d. What is the remainder when d is divided by 53?
50
Suppose -o + 23 = -3*z + 7, 3*z = -3*o. Let d(f) = -12*f - 45. Let r be d(z). Suppose 6*s - 5*s = r. Calculate the remainder when 26 is divided by s.
2
Suppose 2259 = 32*b + 26*b - 641. What is the remainder when 4298 is divided by b?
48
Suppose -34*m - 5*m = -7*m - 2592. Calculate the remainder when m is divided by 29.
23
Let c = 5189 + -5169. Calculate the remainder when 92 is divided by c.
12
Suppose d + 31390 - 31405 = 0. What is the remainder when (92/6)/(2/3) is divided by d?
8
Suppose -a - 22 = 5*o, -228*o = -3*a - 224*o + 105. Calculate the remainder when 8806 is divided by a.
20
Suppose -2*o = -4*n - 3904, -29*o + 32*o = -5*n + 5911. What is the remainder when o is divided by 40?
2
Suppose -17 = -q - 2*b, 4*q - 3*b - 2*b - 29 = 0. Suppose -3*c + 2*f = -0*f - 159, -4*c = 2*f - 198. Calculate the remainder when c is divided by q.
7
Let x(c) = -c**2 + 12*c + 15. Let o be x(13). Suppose 3*m = -o*y - 0*m + 55, -y + 35 = 4*m. Let s = y + -8. Calculate the remainder when 27 is divided by s.
12
Let q(u) = -5*u + 153. Let d(w) = -21*w + 765. Let v(g) = -2*d(g) + 11*q(g). Let c(f) = f**3 - 3*f - 3. Calculate the remainder when c(5) is divided by v(9).
35
Suppose -53 = 3*l - 731. Suppose -k + 65 = 4*i - 29, 2*i = 3*k - l. Calculate the remainder when k is divided by 8.
6
What is the remainder when 989 is divided by (31/(-4))/((-504)/2016)?
28
Suppose 43 = a + j, 6*a - 123 = 3*a - 5*j. Let m(y) = 11*y + 302. What is the remainder when m(-19) is divided by a?
1
Suppose -15*b = 2 - 812. Suppose -b = -2*m - 4*h, m - 23 = -4*h + 3*h. Calculate the remainder when m is divided by 1*1/1 - -5.
1
Let r(m) = 2*m**3 + 167*m**2 + 82*m + 26. What is the remainder when 3150 is divided by r(-83)?
98
Suppose 0 = 11*a + 9*a - 1020. Let g = -221 + 249. What is the remainder when a is divided by g?
23
Calculate the remainder when 311 is divided by (488/(-6))/(124/(-93)).
6
Calculate the remainder when ((-112)/280*(-1)/(-1))/(4/(-890)) is divided by 45.
44
Let t(q) = -q + 43. Let k be ((-63)/(-42))/(2/(-4)). What is the remainder when t(k) is divided by 16?
14
Calculate the remainder when 146 is divided by 11 - (12/18 - (-124)/(-6)).
22
Suppose -510 = -8*w + 66. Calculate the remainder when (-13)/(w/(-260) - (-4)/20) is divided by